{"id":243,"date":"2022-03-10T19:12:00","date_gmt":"2022-03-10T19:12:00","guid":{"rendered":"https:\/\/demo.kanthemes.com.tr\/geoit\/gezi\/?page_id=243"},"modified":"2022-03-10T19:12:00","modified_gmt":"2022-03-10T19:12:00","slug":"iletisim","status":"publish","type":"page","link":"https:\/\/milletmeclisi.com\/index.php\/iletisim\/","title":{"rendered":"\u0130leti\u015fim"},"content":{"rendered":"<div class=\"wpb-content-wrapper\"><p>[vc_row css=&#8221;.vc_custom_1646953959459{padding-top: 70px !important;}&#8221;][vc_column width=&#8221;1\/2&#8243;][vc_custom_heading text=&#8221;Benimle \u0130leti\u015fim Ge\u00e7in&#8221; font_container=&#8221;tag:h1|text_align:left&#8221;][vc_column_text css=&#8221;.vc_custom_1646953555424{margin-top: 10px !important;}&#8221;]<\/p>\n<p style=\"font-size: 22px;\">Bana hi@johndoe.com adresinden istedi\u011finiz zaman ula\u015fabilirsiniz.<\/p>\n<p>[contact-form-7 id=&#8221;262&#8243; title=&#8221;Contact form 1&#8243;][\/vc_column_text][\/vc_column][vc_column width=&#8221;1\/2&#8243; offset=&#8221;vc_hidden-sm vc_hidden-xs&#8221;][vc_single_image image=&#8221;263&#8243; img_size=&#8221;large&#8221; alignment=&#8221;right&#8221;][\/vc_column][\/vc_row][vc_row][vc_column width=&#8221;1\/4&#8243;][vc_column_text css=&#8221;.vc_custom_1646954071285{border-right-width: 1px !important;border-right-color: #ececec !important;border-right-style: solid !important;}&#8221;]<\/p>\n<p style=\"text-align: center;\"><span style=\"font-size: 18px;\"><strong>New York<\/strong><br \/>\nScott Street<br \/>\nPoughkeepsie NY 12601<\/span><\/p>\n<p>[\/vc_column_text][\/vc_column][vc_column width=&#8221;1\/4&#8243;][vc_column_text css=&#8221;.vc_custom_1646954065628{border-right-width: 1px !important;border-right-color: #ececec !important;border-right-style: solid !important;}&#8221;]<\/p>\n<p style=\"text-align: center;\"><span style=\"font-size: 18px;\"><strong>New York<\/strong><br \/>\nScott Street<br \/>\nPoughkeepsie NY 12601<\/span><\/p>\n<p>[\/vc_column_text][\/vc_column][vc_column width=&#8221;1\/4&#8243;][vc_column_text css=&#8221;.vc_custom_1646954059589{border-right-width: 1px !important;border-right-color: #ececec !important;border-right-style: solid !important;}&#8221;]<\/p>\n<p style=\"text-align: center;\"><span style=\"font-size: 18px;\"><strong>New York<\/strong><br \/>\nScott Street<br \/>\nPoughkeepsie NY 12601<\/span><\/p>\n<p>[\/vc_column_text][\/vc_column][vc_column width=&#8221;1\/4&#8243;][vc_column_text css=&#8221;.vc_custom_1646954053155{border-right-width: 0px !important;border-right-color: #ececec !important;}&#8221;]<\/p>\n<p style=\"text-align: center;\"><span style=\"font-size: 18px;\"><strong>New York<\/strong><br \/>\nScott Street<br \/>\nPoughkeepsie NY 12601<\/span><\/p>\n<p>[\/vc_column_text][\/vc_column][\/vc_row][vc_row][vc_column][vc_gmaps link=&#8221;#E-8_JTNDaWZyYW1lJTIwc3JjJTNEJTIyaHR0cHMlM0ElMkYlMkZ3d3cuZ29vZ2xlLmNvbSUyRm1hcHMlMkZlbWJlZCUzRnBiJTNEJTIxMW0xOCUyMTFtMTIlMjExbTMlMjExZDYzMDQuODI5OTg2MTMxMjcxJTIxMmQtMTIyLjQ3NDY5NjgwMzMwOTIlMjEzZDM3LjgwMzc0NzUyMTYwNDQzJTIxMm0zJTIxMWYwJTIxMmYwJTIxM2YwJTIxM20yJTIxMWkxMDI0JTIxMmk3NjglMjE0ZjEzLjElMjEzbTMlMjExbTIlMjExczB4ODA4NTg2ZTYzMDI2MTVhMSUyNTNBMHg4NmJkMTMwMjUxNzU3YzAwJTIxMnNTdG9yZXklMkJBdmUlMjUyQyUyQlNhbiUyQkZyYW5jaXNjbyUyNTJDJTJCQ0ElMkI5NDEyOSUyMTVlMCUyMTNtMiUyMTFzZW4lMjEyc3VzJTIxNHYxNDM1ODI2NDMyMDUxJTIyJTIwd2lkdGglM0QlMjI2MDAlMjIlMjBoZWlnaHQlM0QlMjI0NTAlMjIlMjBmcmFtZWJvcmRlciUzRCUyMjAlMjIlMjBzdHlsZSUzRCUyMmJvcmRlciUzQTAlMjIlMjBhbGxvd2Z1bGxzY3JlZW4lM0UlM0MlMkZpZnJhbWUlM0U=&#8221; css_animation=&#8221;fadeIn&#8221;][\/vc_column][\/vc_row]<\/p>\n<\/div>","protected":false},"excerpt":{"rendered":"<p>[vc_row css=&#8221;.vc_custom_1646953959459{padding-top: 70px !important;}&#8221;][vc_column width=&#8221;1\/2&#8243;][vc_custom_heading text=&#8221;Benimle \u0130leti\u015fim Ge\u00e7in&#8221; font_container=&#8221;tag:h1|text_align:left&#8221;][vc_column_text css=&#8221;.vc_custom_1646953555424{margin-top: 10px !important;}&#8221;] Bana hi@johndoe.com adresinden istedi\u011finiz zaman ula\u015fabilirsiniz. [contact-form-7 id=&#8221;262&#8243;&#46;&#46;&#46;<\/p>\n","protected":false},"author":1,"featured_media":0,"parent":0,"menu_order":0,"comment_status":"closed","ping_status":"closed","template":"temp\/template-vc.php","meta":{"footnotes":""},"class_list":["post-243","page","type-page","status-publish","hentry"],"_links":{"self":[{"href":"https:\/\/milletmeclisi.com\/index.php\/wp-json\/wp\/v2\/pages\/243","targetHints":{"allow":["GET"]}}],"collection":[{"href":"https:\/\/milletmeclisi.com\/index.php\/wp-json\/wp\/v2\/pages"}],"about":[{"href":"https:\/\/milletmeclisi.com\/index.php\/wp-json\/wp\/v2\/types\/page"}],"author":[{"embeddable":true,"href":"https:\/\/milletmeclisi.com\/index.php\/wp-json\/wp\/v2\/users\/1"}],"replies":[{"embeddable":true,"href":"https:\/\/milletmeclisi.com\/index.php\/wp-json\/wp\/v2\/comments?post=243"}],"version-history":[{"count":0,"href":"https:\/\/milletmeclisi.com\/index.php\/wp-json\/wp\/v2\/pages\/243\/revisions"}],"wp:attachment":[{"href":"https:\/\/milletmeclisi.com\/index.php\/wp-json\/wp\/v2\/media?parent=243"}],"curies":[{"name":"wp","href":"https:\/\/api.w.org\/{rel}","templated":true}]}}