{"id":198,"date":"2022-03-10T17:24:14","date_gmt":"2022-03-10T17:24:14","guid":{"rendered":"https:\/\/demo.kanthemes.com.tr\/geoit\/gezi\/?page_id=198"},"modified":"2022-03-10T17:24:14","modified_gmt":"2022-03-10T17:24:14","slug":"sikca-sorular-sorular","status":"publish","type":"page","link":"https:\/\/milletmeclisi.com\/index.php\/sikca-sorular-sorular\/","title":{"rendered":"S\u0131k\u00e7a Sorular Sorular"},"content":{"rendered":"<div class=\"wpb-content-wrapper\"><p>[vc_row full_width=&#8221;stretch_row&#8221; content_placement=&#8221;middle&#8221; css=&#8221;.vc_custom_1646941144968{margin-top: -35px !important;padding-top: 100px !important;padding-bottom: 100px !important;background-color: #303030 !important;}&#8221;][vc_column width=&#8221;3\/12&#8243;][\/vc_column][vc_column width=&#8221;6\/12&#8243;][vc_column_text]<\/p>\n<h1 style=\"text-align: center;\"><span style=\"color: #ffffff;\">S\u0131k\u00e7a Sorular Sorular<\/span><\/h1>\n<p style=\"text-align: center;\"><span style=\"color: #ffffff;\">I am text block. Click edit button to change this text. Lorem ipsum dolor sit amet, consectetur adipiscing elit. Ut elit tellus, luctus nec ullamcorper mattis, pulvinar dapibus leo.<\/span><\/p>\n<p>[\/vc_column_text][\/vc_column][vc_column width=&#8221;3\/12&#8243;][\/vc_column][\/vc_row][vc_row][vc_column offset=&#8221;vc_hidden-sm vc_hidden-xs&#8221;][vc_empty_space height=&#8221;70px&#8221;][\/vc_column][\/vc_row][vc_row content_placement=&#8221;middle&#8221;][vc_column width=&#8221;2\/3&#8243;][vc_tta_accordion section_title_tag=&#8221;h3&#8243; style=&#8221;outline&#8221; gap=&#8221;10&#8243; c_icon=&#8221;chevron&#8221; active_section=&#8221;1&#8243; css_animation=&#8221;none&#8221;][vc_tta_section title=&#8221;The Lazy Way To FAQ&#8221; tab_id=&#8221;1646940511874-2306bde7-ad12&#8243;][vc_column_text]1500\u2019lerden beri kullan\u0131lmakta olan standard Lorem Ipsum metinleri ilgilenenler i\u00e7in yeniden \u00fcretilmi\u015ftir. \u00c7i\u00e7ero taraf\u0131ndan yaz\u0131lan 1.10.32 ve 1.10.33 b\u00f6l\u00fcmleri de 1914 H. Rackham \u00e7evirisinden al\u0131nan \u0130ngilizce s\u00fcr\u00fcmleri e\u015fli\u011finde \u00f6zg\u00fcn bi\u00e7iminden yeniden \u00fcretilmi\u015ftir.[\/vc_column_text][\/vc_tta_section][vc_tta_section title=&#8221;The Ultimate Deal On FAQ&#8221; tab_id=&#8221;1646940540409-8f30805f-9f29&#8243;][vc_column_text]1500\u2019lerden beri kullan\u0131lmakta olan standard Lorem Ipsum metinleri ilgilenenler i\u00e7in yeniden \u00fcretilmi\u015ftir. \u00c7i\u00e7ero taraf\u0131ndan yaz\u0131lan 1.10.32 ve 1.10.33 b\u00f6l\u00fcmleri de 1914 H. Rackham \u00e7evirisinden al\u0131nan \u0130ngilizce s\u00fcr\u00fcmleri e\u015fli\u011finde \u00f6zg\u00fcn bi\u00e7iminden yeniden \u00fcretilmi\u015ftir.[\/vc_column_text][\/vc_tta_section][vc_tta_section title=&#8221;Learn How To Start FAQ&#8221; tab_id=&#8221;1646940549423-677150a7-a17c&#8221;][vc_column_text]1500\u2019lerden beri kullan\u0131lmakta olan standard Lorem Ipsum metinleri ilgilenenler i\u00e7in yeniden \u00fcretilmi\u015ftir. \u00c7i\u00e7ero taraf\u0131ndan yaz\u0131lan 1.10.32 ve 1.10.33 b\u00f6l\u00fcmleri de 1914 H. Rackham \u00e7evirisinden al\u0131nan \u0130ngilizce s\u00fcr\u00fcmleri e\u015fli\u011finde \u00f6zg\u00fcn bi\u00e7iminden yeniden \u00fcretilmi\u015ftir.[\/vc_column_text][\/vc_tta_section][vc_tta_section title=&#8221;Ho To (Do) FAQ Without Leaving Your Office&#8221; tab_id=&#8221;1646940547763-d17005a0-e146&#8243;][vc_column_text]1500\u2019lerden beri kullan\u0131lmakta olan standard Lorem Ipsum metinleri ilgilenenler i\u00e7in yeniden \u00fcretilmi\u015ftir. \u00c7i\u00e7ero taraf\u0131ndan yaz\u0131lan 1.10.32 ve 1.10.33 b\u00f6l\u00fcmleri de 1914 H. Rackham \u00e7evirisinden al\u0131nan \u0130ngilizce s\u00fcr\u00fcmleri e\u015fli\u011finde \u00f6zg\u00fcn bi\u00e7iminden yeniden \u00fcretilmi\u015ftir.[\/vc_column_text][\/vc_tta_section][vc_tta_section title=&#8221;Are You Embarrassed By Your FAQ Skills? Here&#8217;s What To Do&#8221; tab_id=&#8221;1646940546372-4942e115-c4f4&#8243;][vc_column_text]1500\u2019lerden beri kullan\u0131lmakta olan standard Lorem Ipsum metinleri ilgilenenler i\u00e7in yeniden \u00fcretilmi\u015ftir. \u00c7i\u00e7ero taraf\u0131ndan yaz\u0131lan 1.10.32 ve 1.10.33 b\u00f6l\u00fcmleri de 1914 H. Rackham \u00e7evirisinden al\u0131nan \u0130ngilizce s\u00fcr\u00fcmleri e\u015fli\u011finde \u00f6zg\u00fcn bi\u00e7iminden yeniden \u00fcretilmi\u015ftir.[\/vc_column_text][\/vc_tta_section][vc_tta_section title=&#8221;Section 1&#8243; tab_id=&#8221;1646940544743-e5ecdc45-cccd&#8221;][vc_column_text]1500\u2019lerden beri kullan\u0131lmakta olan standard Lorem Ipsum metinleri ilgilenenler i\u00e7in yeniden \u00fcretilmi\u015ftir. \u00c7i\u00e7ero taraf\u0131ndan yaz\u0131lan 1.10.32 ve 1.10.33 b\u00f6l\u00fcmleri de 1914 H. Rackham \u00e7evirisinden al\u0131nan \u0130ngilizce s\u00fcr\u00fcmleri e\u015fli\u011finde \u00f6zg\u00fcn bi\u00e7iminden yeniden \u00fcretilmi\u015ftir.[\/vc_column_text][\/vc_tta_section][vc_tta_section title=&#8221;Section 1&#8243; tab_id=&#8221;1646940542517-05b7766a-36bd&#8221;][vc_column_text]1500\u2019lerden beri kullan\u0131lmakta olan standard Lorem Ipsum metinleri ilgilenenler i\u00e7in yeniden \u00fcretilmi\u015ftir. \u00c7i\u00e7ero taraf\u0131ndan yaz\u0131lan 1.10.32 ve 1.10.33 b\u00f6l\u00fcmleri de 1914 H. Rackham \u00e7evirisinden al\u0131nan \u0130ngilizce s\u00fcr\u00fcmleri e\u015fli\u011finde \u00f6zg\u00fcn bi\u00e7iminden yeniden \u00fcretilmi\u015ftir.[\/vc_column_text][\/vc_tta_section][\/vc_tta_accordion][\/vc_column][vc_column width=&#8221;1\/3&#8243; offset=&#8221;vc_hidden-sm vc_hidden-xs&#8221;][vc_single_image image=&#8221;222&#8243; img_size=&#8221;full&#8221;][\/vc_column][\/vc_row][vc_row][vc_column offset=&#8221;vc_hidden-sm vc_hidden-xs&#8221;][vc_empty_space height=&#8221;70px&#8221;][\/vc_column][\/vc_row]<\/p>\n<\/div>","protected":false},"excerpt":{"rendered":"<p>[vc_row full_width=&#8221;stretch_row&#8221; content_placement=&#8221;middle&#8221; css=&#8221;.vc_custom_1646941144968{margin-top: -35px !important;padding-top: 100px !important;padding-bottom: 100px !important;background-color: #303030 !important;}&#8221;][vc_column width=&#8221;3\/12&#8243;][\/vc_column][vc_column width=&#8221;6\/12&#8243;][vc_column_text] S\u0131k\u00e7a Sorular Sorular I am text&#46;&#46;&#46;<\/p>\n","protected":false},"author":1,"featured_media":0,"parent":0,"menu_order":0,"comment_status":"closed","ping_status":"closed","template":"temp\/template-vc.php","meta":{"footnotes":""},"class_list":["post-198","page","type-page","status-publish","hentry"],"_links":{"self":[{"href":"https:\/\/milletmeclisi.com\/index.php\/wp-json\/wp\/v2\/pages\/198","targetHints":{"allow":["GET"]}}],"collection":[{"href":"https:\/\/milletmeclisi.com\/index.php\/wp-json\/wp\/v2\/pages"}],"about":[{"href":"https:\/\/milletmeclisi.com\/index.php\/wp-json\/wp\/v2\/types\/page"}],"author":[{"embeddable":true,"href":"https:\/\/milletmeclisi.com\/index.php\/wp-json\/wp\/v2\/users\/1"}],"replies":[{"embeddable":true,"href":"https:\/\/milletmeclisi.com\/index.php\/wp-json\/wp\/v2\/comments?post=198"}],"version-history":[{"count":0,"href":"https:\/\/milletmeclisi.com\/index.php\/wp-json\/wp\/v2\/pages\/198\/revisions"}],"wp:attachment":[{"href":"https:\/\/milletmeclisi.com\/index.php\/wp-json\/wp\/v2\/media?parent=198"}],"curies":[{"name":"wp","href":"https:\/\/api.w.org\/{rel}","templated":true}]}}